 base 3, what is -12 + -2221222?
-2222011
In base 9, what is 878 - -4?
883
In base 3, what is -101011 + 0?
-101011
In base 6, what is -5 - 45?
-54
In base 12, what is -5 + 4b?
46
In base 14, what is -2 + -121?
-123
In base 8, what is -2 + -2004?
-2006
In base 5, what is 10 + -130132?
-130122
In base 16, what is -1 + b75?
b74
In base 11, what is 4 + 494?
498
In base 7, what is -504 - -2?
-502
In base 3, what is 222100 - 11?
222012
In base 11, what is 127 - 37?
a0
In base 3, what is 1010222 + -22?
1010200
In base 3, what is -102 - 1210?
-2012
In base 11, what is 786 + -a?
777
In base 14, what is -cb - 1?
-cc
In base 11, what is -a1 + 12?
-8a
In base 2, what is 10 + -111110110000?
-111110101110
In base 15, what is -6 + -c?
-13
In base 16, what is 23b - -47?
282
In base 7, what is -5 - -350?
342
In base 6, what is 14242 - -2?
14244
In base 12, what is 483 - 0?
483
In base 5, what is 120 - -3?
123
In base 12, what is -5 + -265?
-26a
In base 7, what is -3 - 10066?
-10102
In base 5, what is 1012233 + -2?
1012231
In base 15, what is 595 - -3?
598
In base 7, what is 0 - -55?
55
In base 6, what is -5 + 135?
130
In base 8, what is -11 + 47?
36
In base 15, what is -886 + -2?
-888
In base 6, what is 301425 + -2?
301423
In base 13, what is -28 + 1?
-27
In base 13, what is b - -14?
22
In base 4, what is 123322 - -1?
123323
In base 10, what is -3 + -357?
-360
In base 12, what is 0 + 274?
274
In base 16, what is -67bf - 4?
-67c3
In base 11, what is 0 + 52?
52
In base 14, what is -17 + -1?
-18
In base 16, what is -5b + 59?
-2
In base 8, what is 1 - 1563?
-1562
In base 10, what is -26 + 419?
393
In base 6, what is 30 - -4?
34
In base 15, what is -12 + -d0?
-e2
In base 13, what is -2991 + -3?
-2994
In base 4, what is -120 + -11?
-131
In base 15, what is 99 + -4?
95
In base 11, what is -6a7 - 9?
-705
In base 16, what is -5f5 - 1?
-5f6
In base 8, what is 21001 - 3?
20776
In base 11, what is -1773 - -3?
-1770
In base 14, what is 3 + 153?
156
In base 5, what is -433 - 100?
-1033
In base 7, what is 1 - 34?
-33
In base 6, what is 3 + 1032?
1035
In base 2, what is 10 + -1001111?
-1001101
In base 3, what is -1 + -22100200?
-22100201
In base 13, what is -4 - -1966?
1962
In base 9, what is -482 - 4?
-486
In base 4, what is -11 - -201022?
201011
In base 5, what is 1430 - 2?
1423
In base 4, what is -11 + -200223?
-200300
In base 8, what is -2 - 5051?
-5053
In base 8, what is -361 - -16?
-343
In base 2, what is 10000 - -1100100110?
1100110110
In base 8, what is -3 + 273?
270
In base 7, what is 412 - -32?
444
In base 15, what is 24 + c2?
e6
In base 16, what is -4 + 5e?
5a
In base 10, what is -2 + -78?
-80
In base 16, what is 4 - 49?
-45
In base 2, what is 11010110 - 10010?
11000100
In base 6, what is 0 + 513?
513
In base 6, what is 10 - -1515?
1525
In base 14, what is -7 + 2a?
23
In base 3, what is 210 + 11?
221
In base 4, what is 2 + -1112?
-1110
In base 14, what is 1 + 1?
2
In base 5, what is 3 + -410?
-402
In base 10, what is 2 - -437?
439
In base 16, what is b + 87?
92
In base 7, what is 3 + 143?
146
In base 14, what is -3 + -7?
-a
In base 2, what is 11001 - -100100?
111101
In base 3, what is -1110111 - 10?
-1110121
In base 16, what is -3 - -4b?
48
In base 3, what is 102 + 110?
212
In base 15, what is 3 + 3?
6
In base 12, what is 24 - -5?
29
In base 3, what is 11002 - 1?
11001
In base 2, what is -101000000 + -1001001?
-110001001
In base 10, what is -6 + -26?
-32
In base 2, what is -1111111 - 100111?
-10100110
In base 12, what is 987 - 4?
983
In base 6, what is -145 - 40?
-225
In base 16, what is 18 + d?
25
In base 6, what is 3 - 21?
-14
In base 2, what is 100 + 110111011101?
110111100001
In base 8, what is 4 + -2414?
-2410
In base 6, what is -2345 + 0?
-2345
In base 9, what is -5 + -517?
-523
In base 11, what is -474 + 18?
-457
In base 12, what is 1 + 4?
5
In base 15, what is -30 + -7?
-37
In base 6, what is -1243 - -12?
-1231
In base 10, what is 3 + 21?
24
In base 12, what is -5 - 157?
-160
In base 8, what is 2 - 167?
-165
In base 5, what is -4 - -2020?
2011
In base 12, what is -3 - 314?
-317
In base 2, what is -101 - 111?
-1100
In base 3, what is -12 + 1222?
1210
In base 12, what is -99 - -6?
-93
In base 8, what is 5 - -7510?
7515
In base 6, what is -45 + -4?
-53
In base 12, what is 66 + 2a?
94
In base 8, what is 3235 - -4?
3241
In base 15, what is 4 - 19c1?
-19bc
In base 15, what is 56 + 5?
5b
In base 5, what is 12221 + 2?
12223
In base 4, what is -1312 + 0?
-1312
In base 15, what is -a - -29?
1e
In base 4, what is 10310201 + 3?
10310210
In base 9, what is 204 + 2?
206
In base 12, what is 5 - 775?
-770
In base 13, what is 918 - 0?
918
In base 14, what is -1428 - -5?
-1423
In base 15, what is -2 - 12d?
-130
In base 9, what is -2 + -13?
-15
In base 3, what is -12 - -1010?
221
In base 8, what is -2 + 100?
76
In base 4, what is -210000 - 11?
-210011
In base 14, what is 71 - 3?
6c
In base 9, what is 280 - 4?
275
In base 6, what is 114 - -4?
122
In base 6, what is -51 + 514?
423
In base 16, what is -6 - -1e3?
1dd
In base 11, what is 26 - -3?
29
In base 15, what is 177 + -1?
176
In base 2, what is 1100 + 101?
10001
In base 16, what is 20 + -3?
1d
In base 10, what is -44 - -8?
-36
In base 2, what is -101 + 1011010?
1010101
In base 5, what is 24 - 230?
-201
In base 14, what is -7d8 + 2?
-7d6
In base 10, what is -59 - 2?
-61
In base 3, what is -222222 - -11?
-222211
In base 3, what is 11122 - 22?
11100
In base 6, what is -2034 - 23?
-2101
In base 10, what is -29 + 198?
169
In base 13, what is 8b - -17?
a5
In base 9, what is -248 + 3?
-245
In base 12, what is -471 - 4?
-475
In base 8, what is 0 + -70?
-70
In base 6, what is 450 + -13?
433
In base 12, what is -168 - 0?
-168
In base 13, what is -37 - -18?
-1c
In base 9, what is -30 + 234?
204
In base 8, what is -5 - -763?
756
In base 7, what is -1 - -5635?
5634
In base 5, what is -122 + -12?
-134
In base 16, what is 0 + 9b9?
9b9
In base 14, what is -524 + -4?
-528
In base 10, what is -78 + -68?
-146
In base 15, what is -38 + -c0?
-108
In base 4, what is -10 - 2032?
-2102
In base 9, what is 17 + 466?
484
In base 12, what is 22 + -10?
12
In base 9, what is -256 + 23?
-233
In base 9, what is -18 - 22?
-41
In base 15, what is 3 - 11bd?
-11ba
In base 9, what is 101 + 1?
102
In base 4, what is -121 + 13?
-102
In base 8, what is 23 - -22?
45
In base 2, what is -100 + 1000100?
1000000
In base 6, what is -213 + 30?
-143
In base 7, what is 2 + 562?
564
In base 7, what is 2 + -154?
-152
In base 10, what is -346 - 4?
-350
In base 3, what is -1 - -101220?
101212
In base 5, what is -22320 - 3?
-22323
In base 8, what is 136 + -17?
117
In base 4, what is 0 + -300000?
-300000
In base 16, what is -29 - -3?
-26
In base 6, what is -5531 + 3?
-5524
In base 12, what is 72 - 2?
70
In base 8, what is -3 - 4004?
-4007
In base 3, what is 0 + -21?
-21
In base 10, what is 2 - 7?
-5
In base 15, what is -123 + 2c?
-e6
In base 9, what is 216 - 5?
211
In base 4, what is -1 + 1101?
1100
In base 4, what is -23 - 3301?
-3330
In base 13, what is 3 - -1c5?
1c8
In base 6, what is 1103 + 14?
1121
In base 7, what is -3 - 4613?
-4616
In base 15, what is -43a4 + 3?
-43a1
In base 7, what is 1 + -113?
-112
In base 13, what is -269 + 9?
-260
In base 8, what is 3506 + -2?
3504
In base 15, what is 7 - -1d?
25
In base 11, what is -2909 + 5?
-2904
In base 6, what is -2 + 212?
210
In base 3, what is 1 - 2110120?
-2110112
In base 9, what is -785 - 1?
-786
In base 12, what is -1 + 18?
17
In base 12, what is 126 + 5?
12b
In base 16, what is -5 - -6?
1
In base 10, what is 58 + 44?
102
In base 16, what is -1 + -957?
-958
In base 4, what is -1 - 131?
-132
In base 11, what is 1590 + 1?
1591
In base 5, what is -2210 - -2?
-2203
In base 7, what is 2 - -662?
664
In base 14, what is 11b + -2?
119
In base 6, what is 11 + 1011?
1022
In base 2, what is 1100101000 - 11?
1100100101
In base 12, what is a + -a0?
-92
In base 12, what is 1281 + 5?
1286
In base 12, what is 0 - 88a?
-88a
In base 15, what is 22 + -1?
21
In base 10, what is -3 - -468?
465
In base 6, what is -145 + -32?
-221
In base 7, what is -6 - 13121?
-13130
In base 16, what is 0 + cdf?
cdf
In base 16, what is 2 - 6a?
-68
In base 9, what is -5 - 120?
-125
In base 14, what is 34 + 27?
5b
In base 7, what is 155 + -1?
154
In base 5, 